{"id":13307,"date":"2023-10-12T22:56:55","date_gmt":"2023-10-12T22:56:55","guid":{"rendered":"https:\/\/fiu.rks-gov.net\/sanctions\/?page_id=956"},"modified":"2024-03-28T23:54:55","modified_gmt":"2024-03-28T21:54:55","slug":"lists-of-sanctions","status":"publish","type":"page","link":"https:\/\/fiu.rks-gov.net\/sanctions\/lists-of-sanctions\/","title":{"rendered":"Lista e Sanksioneve"},"content":{"rendered":"\t\t<div data-elementor-type=\"wp-page\" data-elementor-id=\"13307\" class=\"elementor elementor-13307\" data-elementor-post-type=\"page\">\n\t\t\t\t<div class=\"elementor-element elementor-element-703f7d9 e-flex e-con-boxed e-con e-parent\" data-id=\"703f7d9\" data-element_type=\"container\" data-settings=\"{&quot;content_width&quot;:&quot;boxed&quot;}\" data-core-v316-plus=\"true\">\n\t\t\t\t\t<div class=\"e-con-inner\">\n\t\t\t\t<div class=\"elementor-element elementor-element-a133d7c elementor-widget elementor-widget-heading\" data-id=\"a133d7c\" data-element_type=\"widget\" data-widget_type=\"heading.default\">\n\t\t\t\t<div class=\"elementor-widget-container\">\n\t\t\t<style>\/*! elementor - v3.19.0 - 07-02-2024 *\/\n.elementor-heading-title{padding:0;margin:0;line-height:1}.elementor-widget-heading .elementor-heading-title[class*=elementor-size-]>a{color:inherit;font-size:inherit;line-height:inherit}.elementor-widget-heading .elementor-heading-title.elementor-size-small{font-size:15px}.elementor-widget-heading .elementor-heading-title.elementor-size-medium{font-size:19px}.elementor-widget-heading .elementor-heading-title.elementor-size-large{font-size:29px}.elementor-widget-heading .elementor-heading-title.elementor-size-xl{font-size:39px}.elementor-widget-heading .elementor-heading-title.elementor-size-xxl{font-size:59px}<\/style><h1 class=\"elementor-heading-title elementor-size-default\">Listat e Sanksioneve<\/h1>\t\t<\/div>\n\t\t\t\t<\/div>\n\t\t\t\t<div class=\"elementor-element elementor-element-5854681 elementor-widget elementor-widget-text-editor\" data-id=\"5854681\" data-element_type=\"widget\" data-widget_type=\"text-editor.default\">\n\t\t\t\t<div class=\"elementor-widget-container\">\n\t\t\t<style>\/*! elementor - v3.19.0 - 07-02-2024 *\/\n.elementor-widget-text-editor.elementor-drop-cap-view-stacked .elementor-drop-cap{background-color:#69727d;color:#fff}.elementor-widget-text-editor.elementor-drop-cap-view-framed .elementor-drop-cap{color:#69727d;border:3px solid;background-color:transparent}.elementor-widget-text-editor:not(.elementor-drop-cap-view-default) .elementor-drop-cap{margin-top:8px}.elementor-widget-text-editor:not(.elementor-drop-cap-view-default) .elementor-drop-cap-letter{width:1em;height:1em}.elementor-widget-text-editor .elementor-drop-cap{float:left;text-align:center;line-height:1;font-size:50px}.elementor-widget-text-editor .elementor-drop-cap-letter{display:inline-block}<\/style>\t\t\t\t<p>Nj\u00ebsia e Inteligjenc\u00ebs Financiare ruan n\u00eb k\u00ebt\u00eb faqe interneti informacionin mbi subjektet e sanksioneve \u2013 listat e personave fizik\u00eb ose juridik\u00eb ose subjekteve t\u00eb tjera t\u00eb identifikueshme p\u00ebr t\u00eb cilat specifikohen:<\/p><ul><li>Sanksionet nd\u00ebrkomb\u00ebtare*: kufizimet e vendosura mbi subjektin e sanksioneve n\u00eb p\u00ebrputhje me t\u00eb drejt\u00ebn nd\u00ebrkomb\u00ebtare, t\u00eb miratuara nga Kombet e Bashkuara ose Bashkimi Evropian, ose nj\u00eb organizat\u00eb tjet\u00ebr nd\u00ebrkomb\u00ebtare, dhe q\u00eb zbatohen ose zbatohen drejtp\u00ebrdrejt n\u00eb Kosov\u00eb. n\u00eb p\u00ebrputhje me Ligjin p\u00ebr Sanksionet Nd\u00ebrkomb\u00ebtare dhe Sanksionet Komb\u00ebtare t\u00eb Republik\u00ebs s\u00eb Kosov\u00ebs; ose<\/li><\/ul><p>\u00a0<\/p><ul><li>Sanksionet komb\u00ebtare: n\u00eb p\u00ebrputhje me aktet legjislative t\u00eb Republik\u00ebs s\u00eb Kosov\u00ebs dhe t\u00eb drejt\u00ebs nd\u00ebrkomb\u00ebtare vendosen kufizime p\u00ebr subjektin e sanksioneve, t\u00eb cilat jan\u00eb p\u00ebrcaktuar nga Qeveria e Republikes s\u00eb Kosov\u00ebs, duke ndjekur procedurat e parashikuara nga Ligji p\u00ebr Sanksionet Nd\u00ebrkomb\u00ebtare dhe Sanksionet Komb\u00ebtare t\u00eb Republik\u00ebs s\u00eb Republik\u00ebs s\u00eb Kosov\u00ebs.<br \/><br \/><\/li><\/ul><p>Meqen\u00ebse sanksionet e vendosura nga Kombet e Bashkuara ose Bashkimi Evropian duhet t\u00eb zbatohen gjithashtu n\u00eb rastet e specifikuara n\u00eb Ligjin p\u00ebr Sanksionet Nd\u00ebrkomb\u00ebtare dhe Sanksionet Komb\u00ebtare t\u00eb Republik\u00ebs s\u00eb Kosov\u00ebs, Nj\u00ebsia e Inteligjenc\u00ebs Financiare ofron lidhje me listat e njohura t\u00eb sanksioneve t\u00eb UN\/BE-s\u00eb. Duhet t\u00eb theksohet se listat e sanksioneve t\u00eb mbajtura n\u00eb k\u00ebt\u00eb faqe interneti nuk p\u00ebrfshijn\u00eb informacione p\u00ebr kufizimet n\u00eb qarkullimin e mallrave me r\u00ebnd\u00ebsi strategjike dhe mallrave t\u00eb tjera, apo t\u00eb ashtuquajturat \u201csanksione sektoriale\u201d. K\u00ebto lista p\u00ebrfshijn\u00eb vet\u00ebm informacion mbi subjektin e sanksioneve ndaj t\u00eb cil\u00ebve jan\u00eb vendosur kufizime financiare, d.m.th., sanksione financiare t\u00eb synuara.<\/p>\t\t\t\t\t\t<\/div>\n\t\t\t\t<\/div>\n\t\t\t\t\t<\/div>\n\t\t\t\t<\/div>\n\t\t\t\t<\/div>\n\t\t","protected":false},"excerpt":{"rendered":"<p>Listat e Sanksioneve Nj\u00ebsia e Inteligjenc\u00ebs Financiare ruan n\u00eb k\u00ebt\u00eb faqe interneti informacionin mbi subjektet e sanksioneve \u2013 listat e personave fizik\u00eb ose juridik\u00eb ose subjekteve t\u00eb tjera t\u00eb identifikueshme p\u00ebr t\u00eb cilat specifikohen: Sanksionet nd\u00ebrkomb\u00ebtare*: kufizimet e vendosura mbi subjektin e sanksioneve n\u00eb p\u00ebrputhje me t\u00eb drejt\u00ebn nd\u00ebrkomb\u00ebtare, t\u00eb miratuara nga Kombet e Bashkuara [&hellip;]<\/p>\n","protected":false},"author":1,"featured_media":0,"parent":0,"menu_order":0,"comment_status":"closed","ping_status":"closed","template":"","meta":{"footnotes":""},"acf":[],"lang":"sq","translations":{"sq":13307,"en":956,"sr":13308},"pll_sync_post":[],"_links":{"self":[{"href":"https:\/\/fiu.rks-gov.net\/sanctions\/wp-json\/wp\/v2\/pages\/13307"}],"collection":[{"href":"https:\/\/fiu.rks-gov.net\/sanctions\/wp-json\/wp\/v2\/pages"}],"about":[{"href":"https:\/\/fiu.rks-gov.net\/sanctions\/wp-json\/wp\/v2\/types\/page"}],"author":[{"embeddable":true,"href":"https:\/\/fiu.rks-gov.net\/sanctions\/wp-json\/wp\/v2\/users\/1"}],"replies":[{"embeddable":true,"href":"https:\/\/fiu.rks-gov.net\/sanctions\/wp-json\/wp\/v2\/comments?post=13307"}],"version-history":[{"count":4,"href":"https:\/\/fiu.rks-gov.net\/sanctions\/wp-json\/wp\/v2\/pages\/13307\/revisions"}],"predecessor-version":[{"id":69383,"href":"https:\/\/fiu.rks-gov.net\/sanctions\/wp-json\/wp\/v2\/pages\/13307\/revisions\/69383"}],"wp:attachment":[{"href":"https:\/\/fiu.rks-gov.net\/sanctions\/wp-json\/wp\/v2\/media?parent=13307"}],"curies":[{"name":"wp","href":"https:\/\/api.w.org\/{rel}","templated":true}]}}